{"id":81,"date":"2024-12-26T14:15:49","date_gmt":"2024-12-26T11:15:49","guid":{"rendered":"https:\/\/kusadasikentdayanismasi.com\/?page_id=81"},"modified":"2025-03-07T12:32:41","modified_gmt":"2025-03-07T09:32:41","slug":"iletisim","status":"publish","type":"page","link":"https:\/\/kusadasikentdayanismasi.com\/?page_id=81","title":{"rendered":"\u0130leti\u015fim"},"content":{"rendered":"\n<p><strong>website:<\/strong> <a href=\"https:\/\/kusadasikentdayanismasi.com\/\">https:\/\/kusadasikentdayanismasi.com\/<\/a><\/p>\n\n\n\n<p><strong>youtube:<\/strong> <a href=\"https:\/\/www.youtube.com\/@Ku%C5%9Fadas%C4%B1KentDayan%C4%B1%C5%9Fmas%C4%B1\">https:\/\/www.youtube.com\/@Ku%C5%9Fadas%C4%B1KentDayan%C4%B1%C5%9Fmas%C4%B1<\/a><\/p>\n\n\n\n<p><strong>mail:<\/strong> kusadasikentdayanismasi@gmail.com<\/p>\n\n\n\n<p><strong>instagram:<\/strong> <a href=\"https:\/\/www.instagram.com\/kusadasikentdayanismasi\/\">@kusadasikentdayanismasi<\/a><\/p>\n\n\n\n<p><strong>x:<\/strong> <a href=\"https:\/\/x.com\/KusKentDayanis\">@KusKentDayanis<\/a><\/p>\n\n\n\n<p><strong>facebook:<\/strong> <a href=\"https:\/\/www.facebook.com\/profile.php?id=61570415925356&amp;locale=tr_TR\">https:\/\/www.facebook.com\/profile.php?id=61570415925356&amp;locale=tr_TR<\/a><\/p>\n\n\n\n<p><strong>WhatsApp Kanal: <\/strong><a href=\"https:\/\/whatsapp.com\/channel\/0029Vb2IioK5a240SbZj222H\">https:\/\/whatsapp.com\/channel\/0029Vb2IioK5a240SbZj222Hhttps:\/\/whatsapp.com\/channel\/0029Vb2IioK5a240SbZj222H<\/a><\/p>\n\n\n\n<p><\/p>\n","protected":false},"excerpt":{"rendered":"<p>website: https:\/\/kusadasikentdayanismasi.com\/ youtube: https:\/\/www.youtube.com\/@Ku%C5%9Fadas%C4%B1KentDayan%C4%B1%C5%9Fmas%C4%B1 mail: kusadasikentdayanismasi@gmail.com instagram: @kusadasikentdayanismasi x: @KusKentDayanis facebook: https:\/\/www.facebook.com\/profile.php?id=61570415925356&amp;locale=tr_TR WhatsApp Kanal: https:\/\/whatsapp.com\/channel\/0029Vb2IioK5a240SbZj222Hhttps:\/\/whatsapp.com\/channel\/0029Vb2IioK5a240SbZj222H<\/p>\n","protected":false},"author":1,"featured_media":0,"parent":0,"menu_order":0,"comment_status":"closed","ping_status":"closed","template":"","meta":{"footnotes":""},"class_list":["post-81","page","type-page","status-publish","hentry"],"yoast_head":"<!-- This site is optimized with the Yoast SEO plugin v26.9 - https:\/\/yoast.com\/product\/yoast-seo-wordpress\/ -->\n<title>\u0130leti\u015fim - Ku\u015fadas\u0131 Kent Dayan\u0131\u015fmas\u0131<\/title>\n<meta name=\"robots\" content=\"index, follow, max-snippet:-1, max-image-preview:large, max-video-preview:-1\" \/>\n<link rel=\"canonical\" href=\"https:\/\/kusadasikentdayanismasi.com\/?page_id=81\" \/>\n<meta property=\"og:locale\" content=\"tr_TR\" \/>\n<meta property=\"og:type\" content=\"article\" \/>\n<meta property=\"og:title\" content=\"\u0130leti\u015fim - Ku\u015fadas\u0131 Kent Dayan\u0131\u015fmas\u0131\" \/>\n<meta property=\"og:description\" content=\"website: https:\/\/kusadasikentdayanismasi.com\/ youtube: https:\/\/www.youtube.com\/@Ku%C5%9Fadas%C4%B1KentDayan%C4%B1%C5%9Fmas%C4%B1 mail: kusadasikentdayanismasi@gmail.com instagram: @kusadasikentdayanismasi x: @KusKentDayanis facebook: https:\/\/www.facebook.com\/profile.php?id=61570415925356&amp;locale=tr_TR WhatsApp Kanal: https:\/\/whatsapp.com\/channel\/0029Vb2IioK5a240SbZj222Hhttps:\/\/whatsapp.com\/channel\/0029Vb2IioK5a240SbZj222H\" \/>\n<meta property=\"og:url\" content=\"https:\/\/kusadasikentdayanismasi.com\/?page_id=81\" \/>\n<meta property=\"og:site_name\" content=\"Ku\u015fadas\u0131 Kent Dayan\u0131\u015fmas\u0131\" \/>\n<meta property=\"article:modified_time\" content=\"2025-03-07T09:32:41+00:00\" \/>\n<meta name=\"twitter:card\" content=\"summary_large_image\" \/>\n<meta name=\"twitter:label1\" content=\"Tahmini okuma s\u00fcresi\" \/>\n\t<meta name=\"twitter:data1\" content=\"1 dakika\" \/>\n<script type=\"application\/ld+json\" class=\"yoast-schema-graph\">{\"@context\":\"https:\/\/schema.org\",\"@graph\":[{\"@type\":\"WebPage\",\"@id\":\"https:\/\/kusadasikentdayanismasi.com\/?page_id=81\",\"url\":\"https:\/\/kusadasikentdayanismasi.com\/?page_id=81\",\"name\":\"\u0130leti\u015fim - Ku\u015fadas\u0131 Kent Dayan\u0131\u015fmas\u0131\",\"isPartOf\":{\"@id\":\"https:\/\/kusadasikentdayanismasi.com\/#website\"},\"datePublished\":\"2024-12-26T11:15:49+00:00\",\"dateModified\":\"2025-03-07T09:32:41+00:00\",\"breadcrumb\":{\"@id\":\"https:\/\/kusadasikentdayanismasi.com\/?page_id=81#breadcrumb\"},\"inLanguage\":\"tr\",\"potentialAction\":[{\"@type\":\"ReadAction\",\"target\":[\"https:\/\/kusadasikentdayanismasi.com\/?page_id=81\"]}]},{\"@type\":\"BreadcrumbList\",\"@id\":\"https:\/\/kusadasikentdayanismasi.com\/?page_id=81#breadcrumb\",\"itemListElement\":[{\"@type\":\"ListItem\",\"position\":1,\"name\":\"Anasayfa\",\"item\":\"https:\/\/kusadasikentdayanismasi.com\/\"},{\"@type\":\"ListItem\",\"position\":2,\"name\":\"\u0130leti\u015fim\"}]},{\"@type\":\"WebSite\",\"@id\":\"https:\/\/kusadasikentdayanismasi.com\/#website\",\"url\":\"https:\/\/kusadasikentdayanismasi.com\/\",\"name\":\"Ku\u015fadas\u0131 Kent Dayan\u0131\u015fmas\u0131\",\"description\":\"Kentimiz \u0130\u00e7in Elele\",\"potentialAction\":[{\"@type\":\"SearchAction\",\"target\":{\"@type\":\"EntryPoint\",\"urlTemplate\":\"https:\/\/kusadasikentdayanismasi.com\/?s={search_term_string}\"},\"query-input\":{\"@type\":\"PropertyValueSpecification\",\"valueRequired\":true,\"valueName\":\"search_term_string\"}}],\"inLanguage\":\"tr\"}]}<\/script>\n<!-- \/ Yoast SEO plugin. -->","yoast_head_json":{"title":"\u0130leti\u015fim - Ku\u015fadas\u0131 Kent Dayan\u0131\u015fmas\u0131","robots":{"index":"index","follow":"follow","max-snippet":"max-snippet:-1","max-image-preview":"max-image-preview:large","max-video-preview":"max-video-preview:-1"},"canonical":"https:\/\/kusadasikentdayanismasi.com\/?page_id=81","og_locale":"tr_TR","og_type":"article","og_title":"\u0130leti\u015fim - Ku\u015fadas\u0131 Kent Dayan\u0131\u015fmas\u0131","og_description":"website: https:\/\/kusadasikentdayanismasi.com\/ youtube: https:\/\/www.youtube.com\/@Ku%C5%9Fadas%C4%B1KentDayan%C4%B1%C5%9Fmas%C4%B1 mail: kusadasikentdayanismasi@gmail.com instagram: @kusadasikentdayanismasi x: @KusKentDayanis facebook: https:\/\/www.facebook.com\/profile.php?id=61570415925356&amp;locale=tr_TR WhatsApp Kanal: https:\/\/whatsapp.com\/channel\/0029Vb2IioK5a240SbZj222Hhttps:\/\/whatsapp.com\/channel\/0029Vb2IioK5a240SbZj222H","og_url":"https:\/\/kusadasikentdayanismasi.com\/?page_id=81","og_site_name":"Ku\u015fadas\u0131 Kent Dayan\u0131\u015fmas\u0131","article_modified_time":"2025-03-07T09:32:41+00:00","twitter_card":"summary_large_image","twitter_misc":{"Tahmini okuma s\u00fcresi":"1 dakika"},"schema":{"@context":"https:\/\/schema.org","@graph":[{"@type":"WebPage","@id":"https:\/\/kusadasikentdayanismasi.com\/?page_id=81","url":"https:\/\/kusadasikentdayanismasi.com\/?page_id=81","name":"\u0130leti\u015fim - Ku\u015fadas\u0131 Kent Dayan\u0131\u015fmas\u0131","isPartOf":{"@id":"https:\/\/kusadasikentdayanismasi.com\/#website"},"datePublished":"2024-12-26T11:15:49+00:00","dateModified":"2025-03-07T09:32:41+00:00","breadcrumb":{"@id":"https:\/\/kusadasikentdayanismasi.com\/?page_id=81#breadcrumb"},"inLanguage":"tr","potentialAction":[{"@type":"ReadAction","target":["https:\/\/kusadasikentdayanismasi.com\/?page_id=81"]}]},{"@type":"BreadcrumbList","@id":"https:\/\/kusadasikentdayanismasi.com\/?page_id=81#breadcrumb","itemListElement":[{"@type":"ListItem","position":1,"name":"Anasayfa","item":"https:\/\/kusadasikentdayanismasi.com\/"},{"@type":"ListItem","position":2,"name":"\u0130leti\u015fim"}]},{"@type":"WebSite","@id":"https:\/\/kusadasikentdayanismasi.com\/#website","url":"https:\/\/kusadasikentdayanismasi.com\/","name":"Ku\u015fadas\u0131 Kent Dayan\u0131\u015fmas\u0131","description":"Kentimiz \u0130\u00e7in Elele","potentialAction":[{"@type":"SearchAction","target":{"@type":"EntryPoint","urlTemplate":"https:\/\/kusadasikentdayanismasi.com\/?s={search_term_string}"},"query-input":{"@type":"PropertyValueSpecification","valueRequired":true,"valueName":"search_term_string"}}],"inLanguage":"tr"}]}},"_links":{"self":[{"href":"https:\/\/kusadasikentdayanismasi.com\/index.php?rest_route=\/wp\/v2\/pages\/81","targetHints":{"allow":["GET"]}}],"collection":[{"href":"https:\/\/kusadasikentdayanismasi.com\/index.php?rest_route=\/wp\/v2\/pages"}],"about":[{"href":"https:\/\/kusadasikentdayanismasi.com\/index.php?rest_route=\/wp\/v2\/types\/page"}],"author":[{"embeddable":true,"href":"https:\/\/kusadasikentdayanismasi.com\/index.php?rest_route=\/wp\/v2\/users\/1"}],"replies":[{"embeddable":true,"href":"https:\/\/kusadasikentdayanismasi.com\/index.php?rest_route=%2Fwp%2Fv2%2Fcomments&post=81"}],"version-history":[{"count":5,"href":"https:\/\/kusadasikentdayanismasi.com\/index.php?rest_route=\/wp\/v2\/pages\/81\/revisions"}],"predecessor-version":[{"id":165,"href":"https:\/\/kusadasikentdayanismasi.com\/index.php?rest_route=\/wp\/v2\/pages\/81\/revisions\/165"}],"wp:attachment":[{"href":"https:\/\/kusadasikentdayanismasi.com\/index.php?rest_route=%2Fwp%2Fv2%2Fmedia&parent=81"}],"curies":[{"name":"wp","href":"https:\/\/api.w.org\/{rel}","templated":true}]}}